{"id":223,"date":"2020-05-19T16:37:01","date_gmt":"2020-05-19T16:37:01","guid":{"rendered":"http:\/\/kalkantenstube.de\/?page_id=223"},"modified":"2020-05-31T07:00:51","modified_gmt":"2020-05-31T07:00:51","slug":"datenschutzerklaerung-und-impressum","status":"publish","type":"page","link":"https:\/\/kalkantenstube.de\/?page_id=223","title":{"rendered":"Impressum und Datenschutzerkl\u00e4rung"},"content":{"rendered":"\n<h1 class=\"wp-block-heading\">Impressum<\/h1>\n\n\n\n<p>Verantwortlich f\u00fcr den Inhalt dieser Seiten ist der<em> F\u00f6rderverein historische Kalkantenstube St. Georg e.V.<\/em><\/p>\n\n\n\n<p>Anschrift:<br>F\u00f6rderverein historische Kalkantenstube St. Georg e.V.<br>Kirchplatz 19<br>45525 Hattingen, Deutschland<br>E-Mail: kirchenmusik-stgeorg@kirche-hawi.de<\/p>\n\n\n\n<p><strong>Texte<\/strong><br>Roland R\u00f6mer, Mar\u00eda Cristina Witte, Christian Berens<\/p>\n\n\n\n<p><strong>Fotos<\/strong><br>Matthias Kriese, Andi Brandhoff, Christian Berens<\/p>\n\n\n\n<p><strong>F\u00f6rdermittelgeber f\u00fcr die Dauerausstellung \u201eHistorische Kalkantenstube\u201c:<\/strong><br>F\u00f6rderverein historische Kalkantenstube St. Georg e.V.<br>Nordrhein-Westfalen-Stiftung Naturschutz, Heimat- und Kulturpflege<br>Landschaftsverband Westfalen-Lippe (LWL)<br>Evangelische Kirche von Westfalen<br>Der Lions Club Hattingen-Ruhr<br>Ev. St.-Georgs-Kirchengemeinde Hattingen<\/p>\n\n\n\n<p><strong>Inhaltlich Verantwortlicher:<\/strong><br>F\u00f6rderverein historische Kalkantenstube e.V.<br>1. Vorsitzender Pfarrer Dr. Udo Polenske<br>Telefon: 0 23 24 2 25 24<br>E-Mail: polenske@kirche-hattingen.de<br><br><strong>Webgestaltung<\/strong><br>Christian Berens<br><a href=\"http:\/\/www.christianberens.de\">www.christianberens.de<\/a><br><\/p>\n\n\n\n<h1 class=\"wp-block-heading\">Rechtliche Hinweise<\/h1>\n\n\n\n<p><strong>Haftungsausschluss<\/strong><br>Der F\u00f6rderverein historische Kalkantenstube St. Georg e. V. erstellt die Informationen f\u00fcr dieses Internetangebot mit gro\u00dfer Sorgfalt und ist darum bem\u00fcht, Aktualit\u00e4t, Korrektheit und Vollst\u00e4ndigkeit sicher zu stellen. Das Auftreten von Fehlern kann jedoch nicht ausgeschlossen werden. Daher \u00fcbernimmt der Verein keine Garantie f\u00fcr die Aktualit\u00e4t, Korrektheit und Vollst\u00e4ndigkeit der Informationen.<br><br>Alle Inhalte sind zur allgemeinen Information bestimmt und stellen keine gesch\u00e4ftliche, rechtliche oder sonstige Beratungsdienstleistung dar. Der F\u00f6rderverein historische Kalkantenstube \u00fcbernimmt keine Gew\u00e4hr und haftet nicht f\u00fcr etwaige Sch\u00e4den materieller oder ideeller Art, die durch Nutzung des Dienstes verursacht werden, soweit sie nicht nachweislich durch Vorsatz oder grobe Fahrl\u00e4ssigkeit verschuldet sind. Aus diesem Internetangebot heraus wird auf weitere Angebote im Internet verwiesen. Die Inhalte der verlinkten Seiten sind u.a. von Institutionen gestaltet, auf die der F\u00f6rderverein historische Kalkantenstube keinen Einfluss hat und deren dort aufgef\u00fchrte Inhalte er sich nicht zu eigen macht. F\u00fcr die Angebote Dritter wird keinerlei Haftung \u00fcbernommen. Sollten Sie auf den Seiten dieses Internetangebotes oder auf solchen, auf die verwiesen wird, bedenkliche oder rechtswidrige Inhalte feststellen, ist der F\u00f6rderverein historische Kalkantenstube f\u00fcr einen entsprechenden Hinweis dankbar. Bei Bekanntwerden von entsprechenden Rechtsverletzungen werden wir diese Inhalte umgehend entfernen. Zus\u00e4tzlich weisen wir darauf hin, dass Teile der Seiten oder das gesamte Angebot dieses Internetangebotes ohne gesonderte Ank\u00fcndigung ver\u00e4ndert, erg\u00e4nzt, oder gel\u00f6scht werden k\u00f6nnen. Auch die vor\u00fcbergehende oder endg\u00fcltige Beendigung der Ver\u00f6ffentlichung ist ohne Ank\u00fcndigung m\u00f6glich.<\/p>\n\n\n\n<p><strong>Urheber- und Kennzeichenrecht<\/strong><br>Falls nicht anders angegeben, unterliegen die Inhalte und Werke auf diesen Seiten dem Urheberrecht (Copyright). Das Urheberrecht f\u00fcr das auf www.kalkantenstube.de verwendete Bildmaterial liegt, sofern nicht anderweitig gekennzeichnet, beim F\u00f6rderverein historische Kalkantenstube. Die Vervielf\u00e4ltigung, Bearbeitung, Verbreitung und jede Art der Verwertung au\u00dferhalb der Grenzen des Urheberrechtes bed\u00fcrfen der schriftlichen Zustimmung des F\u00f6rdervereins historische Kalkantenstube. Soweit die Inhalte auf dieser Seite nicht vom Betreiber erstellt wurden, werden die Urheberrechte Dritter beachtet. Insbesondere werden Inhalte Dritter als solche gekennzeichnet.<\/p>\n\n\n\n<p>Recht am eigenen Bild bei Personenabbildungen\/Haftungsausschluss<\/p>\n\n\n\n<p>Nach \u00a7 22 Absatz 1 des Kunsturhebergesetzes (KUG) &#8222;d\u00fcrfen Bildnisse nur mit Einwilligung der abgebildeten Person verbreitet oder \u00f6ffentlich zur Schau gestellt werden&#8220;. Die auf den Seiten dieser Website abgebildeten Personen haben ihr Einverst\u00e4ndnis gegeben.<\/p>\n\n\n\n<p>Sofern trotz sorgf\u00e4ltiger inhaltlicher Kontrolle ein Bild ver\u00f6ffentlicht wurde, das gegen diesen Grundsatz verst\u00f6\u00dft oder wenn Sie die Entfernung des ver\u00f6ffentlichten Fotos w\u00fcnschen (Widerruf der Einwilligung), k\u00f6nnen Sie uns dies schriftlich mitteilen. Es gen\u00fcgt, wenn Sie uns eine E-Mail schicken. Bitte beschreiben Sie das Bild genau und geben an, auf welcher Seite es sich befindet. Wenn Sie widerrufen, werden wir das Bild oder die Bilder unverz\u00fcglich l\u00f6schen und zuk\u00fcnftig nicht mehr verwenden.<br><\/p>\n\n\n\n<h1 class=\"wp-block-heading\">Datenschutzerkl\u00e4rung<\/h1>\n\n\n\n<p><strong>Geltungsbereich und Umgang mit personenbezogenen Daten<\/strong><br>Diese Datenschutzerkl\u00e4rung informiert die Nutzer*innen dar\u00fcber, in welchem Umfang und zu welchem Zwecke die Erhebung und Verarbeitung personenbezogener Daten erfolgt.<\/p>\n\n\n\n<p>Verantwortlich f\u00fcr diese Website ist folgender Anbieter:<\/p>\n\n\n\n<p><em>F\u00f6rderverein historische Kalkantenstube St. Georg e.V.<br>Kirchplatz 19<br>45525 Hattingen, Deutschland<br>Telefon: (0 23 24) 2 25 24<\/em><\/p>\n\n\n\n<p>Die gesetzlichen Regelungen zum Datenschutz gehen aus der europ\u00e4ischen Datenschutzgrundverordnung hervor. Das Bundesdatenschutzgesetz (BDSG) und das Telemediengesetz (TMG) gelten erg\u00e4nzend.<\/p>\n\n\n\n<p>Die Betreiber dieser Seiten nehmen den Schutz Ihrer pers\u00f6nlichen Daten sehr ernst. Wir behandeln Ihre personenbezogenen Daten vertraulich und entsprechend der gesetzlichen Datenschutzvorschriften (EU-Datenschutzgrundverordnung, Telemediengesetz) sowie dieser Datenschutzerkl\u00e4rung.&nbsp;Die Nutzung unserer Webseite ist in der Regel ohne Angabe personenbezogener Daten m\u00f6glich. Soweit auf unseren Seiten personenbezogene Daten (beispielsweise Name, Anschrift oder E-Mail-Adressen)&nbsp;erhoben werden, geschieht dies dann, wenn es f\u00fcr die Durchf\u00fchrung und Inanspruchnahme unserer Dienste erforderlich ist oder wenn Sie uns diese Daten freiwillig \u00fcbermitteln. Diese Daten werden ohne Ihre ausdr\u00fcckliche Zustimmung nicht an Dritte weitergegeben.&nbsp;Wir weisen darauf hin, dass die Daten\u00fcbertragung im Internet (z.B. bei der Kommunikation per E-Mail)&nbsp;Sicherheitsl\u00fccken aufweisen kann. Ein l\u00fcckenloser Schutz der Daten vor dem Zugriff durch Dritte ist nicht m\u00f6glich.<\/p>\n\n\n\n<p><strong>Zugriffsdaten<\/strong><br>Der Provider der Seiten erhebt und speichert automatisch Informationen in so genannten Server-Log Files, die Ihr Browser automatisch an uns \u00fcbermittelt. Dies sind:<br>&#8211; Browsertyp und Browserversion<br>&#8211; verwendetes Betriebssystem<br>&#8211; Referrer URL<br>&#8211; Hostname des zugreifenden Rechners<br>&#8211; Uhrzeit der Serveranfrage<br><br>Diese Daten k\u00f6nnen nicht bestimmten Personen zugeordnet werden. Sie werden lediglich f\u00fcr statistische Zwecke und zur Verbesserung des Angebotes ausgewertet. Eine Zusammenf\u00fchrung dieser Daten mit anderen Datenquellen wird nicht vorgenommen. Wir behalten uns vor, diese Daten nachtr\u00e4glich zu pr\u00fcfen, wenn uns konkrete Anhaltspunkte f\u00fcr eine rechtswidrige Nutzung bekannt werden.<\/p>\n\n\n\n<p><strong>Erfassung und Verarbeitung personenbezogener Daten<\/strong><\/p>\n\n\n\n<p>Die im Rahmen der Nutzung anfallenden personenbezogenen Daten, die durch den Betreiber erhoben werden, werden nur mit ausdr\u00fccklicher Einverst\u00e4ndniserkl\u00e4rung oder unter Anwendung gesetzlicher Regeln weitergegeben. Auch hier gelten die Betroffenenrechte auf L\u00f6schung, Korrektur etc.<\/p>\n\n\n\n<p>Bei einer anonymen Nutzung der Seite werden nur die nicht personenbezogenen Daten gespeichert und dazu verwendet das Online-Angebot zu verbessern. Eine R\u00fcckverfolgung \u00fcber diese Daten ist nicht m\u00f6glich.<\/p>\n\n\n\n<p><strong>Cookies<\/strong><br>Um die Nutzerfreundlichkeit auf der Website zu verbessern, werden sog. Cookies verwendet. Sie erm\u00f6glichen Nutzern, die wiederholt die Website besuchen, einen leichteren Zugang. Cookies sind kleine Dateien, die vom Browser des Nutzers auf den PC dessen \u00fcbertragen und dort gespeichert werden. Diese Wiedererkennung ist m\u00f6glich, weil die Cookies auch die IP-Adresse \u00fcbermitteln.<\/p>\n\n\n\n<p>Nutzer m\u00fcssen dies nicht zulassen, denn die Browser halten M\u00f6glichkeiten bereit, die Speicherung von Cookies auszuschalten oder zumindest einzuschr\u00e4nken. In diesem Zusammenhang ist darauf hinzuweisen, dass dann ggf. die vollumf\u00e4ngliche Nutzung der Website nicht gegeben ist.<\/p>\n\n\n\n<p><strong>Recht auf Auskunft\/L\u00f6schung\/Widerruf<\/strong><br>Die Datenschutzgrundverordnung r\u00e4umt es dem Nutzer ein, sich unentgeltlich bei dem Betreiber der Website dar\u00fcber zu informieren, welche personenbezogenen Daten gespeichert werden. Dar\u00fcber hinaus steht es diesem zu, eine L\u00f6schung, Sperrung oder Berichtigung falscher Daten zu veranlassen, soweit keine gesetzliche Aufbewahrungspflicht zu beachten ist.<\/p>\n\n\n\n<p><strong>Google-Maps<\/strong><br>In unserem Internetauftritt setzen wir Google Maps zur Darstellung unseres Standorts sowie zur Erstellung einer Anfahrtsbeschreibung ein. Es handelt sich hierbei um einen Dienst der Google Ireland Limited, Gordon House, Barrow Street, Dublin 4, Irland, nachfolgend nur \u201eGoogle\u201c genannt.<\/p>\n\n\n\n<p>Durch die Zertifizierung nach dem EU-US-Datenschutzschild (\u201eEU-US Privacy Shield\u201c) <a href=\"https:\/\/www.privacyshield.gov\/participant?id=a2zt000000001L5AAI&amp;status=Active\">https:\/\/www.privacyshield.gov\/participant?id=a2zt000000001L5AAI&amp;status=Active<\/a> garantiert Google, dass die Datenschutzvorgaben der EU auch bei der Verarbeitung von Daten in den USA eingehalten werden.<\/p>\n\n\n\n<p>Um die Darstellung bestimmter Schriften in unserem Internetauftritt zu erm\u00f6glichen, wird bei Aufruf unseres Internetauftritts eine Verbindung zu dem Google-Server in den USA aufgebaut. Sofern Sie die in unseren Internetauftritt eingebundene Komponente Google Maps aufrufen, speichert Google \u00fcber Ihren Internet-Browser ein Cookie auf Ihrem Endger\u00e4t. Um unseren Standort anzuzeigen und eine Anfahrtsbeschreibung zu erstellen, werden Ihre Nutzereinstellungen und -daten verarbeitet. Hierbei k\u00f6nnen wir nicht ausschlie\u00dfen, dass Google Server in den USA einsetzt.<br>Rechtsgrundlage ist Art. 6 Abs. 1 lit. f) DSGVO. Unser berechtigtes Interesse liegt in der Optimierung der Funktionalit\u00e4t unseres Internetauftritts.<\/p>\n\n\n\n<p>Durch die so hergestellte Verbindung zu Google kann Google ermitteln, von welcher Website Ihre Anfrage gesendet worden ist und an welche IP-Adresse die Anfahrtsbeschreibung zu \u00fcbermitteln ist.<\/p>\n\n\n\n<p>Sofern Sie mit dieser Verarbeitung nicht einverstanden sind, haben Sie die M\u00f6glichkeit, die Installation der Cookies durch die entsprechenden Einstellungen in Ihrem Internet-Browser zu verhindern. Einzelheiten hierzu finden Sie vorstehend unter dem Punkt \u201eCookies\u201c.<\/p>\n\n\n\n<p>Zudem erfolgt die Nutzung von Google Maps sowie der \u00fcber Google Maps erlangten Informationen nach den <a target=\"_blank\" rel=\"noreferrer noopener\" href=\"http:\/\/www.google.de\/accounts\/TOS\">Google-Nutzungsbedingungen<\/a>&nbsp;<a target=\"_blank\" rel=\"noreferrer noopener\" href=\"https:\/\/policies.google.com\/terms?gl=DE&amp;hl=de\">https:\/\/policies.google.com\/terms?gl=DE&amp;hl=de<\/a> und den <a target=\"_blank\" rel=\"noreferrer noopener\" href=\"http:\/\/www.google.com\/intl\/de_de\/help\/terms_maps.html\">Gesch\u00e4ftsbedingungen f\u00fcr Google Maps<\/a> https:\/\/www.google.com\/intl\/de_de\/help\/terms_maps.html.<\/p>\n\n\n\n<p>\u00dcberdies bietet Google unter <a href=\"https:\/\/adssettings.google.com\/authenticated\">https:\/\/adssettings.google.com\/authenticated<\/a><br><a href=\"https:\/\/policies.google.com\/privacy\">https:\/\/policies.google.com\/privacy<\/a> weitergehende Informationen an.<\/p>\n","protected":false},"excerpt":{"rendered":"<p>Impressum Verantwortlich f\u00fcr den Inhalt dieser Seiten ist der F\u00f6rderverein historische Kalkantenstube St. Georg e.V. Anschrift:F\u00f6rderverein historische Kalkantenstube St. Georg e.V.Kirchplatz 1945525 Hattingen, DeutschlandE-Mail: kirchenmusik-stgeorg@kirche-hawi.de TexteRoland R\u00f6mer, Mar\u00eda Cristina Witte, Christian Berens FotosMatthias Kriese, Andi Brandhoff, Christian Berens F\u00f6rdermittelgeber f\u00fcr die Dauerausstellung \u201eHistorische Kalkantenstube\u201c:F\u00f6rderverein historische Kalkantenstube St. Georg e.V.Nordrhein-Westfalen-Stiftung Naturschutz, Heimat- und KulturpflegeLandschaftsverband Westfalen-Lippe (LWL)Evangelische &hellip; <\/p>\n<p class=\"link-more\"><a href=\"https:\/\/kalkantenstube.de\/?page_id=223\" class=\"more-link\"><span class=\"screen-reader-text\">\u201eImpressum und Datenschutzerkl\u00e4rung\u201c<\/span> weiterlesen<\/a><\/p>\n","protected":false},"author":1,"featured_media":0,"parent":0,"menu_order":0,"comment_status":"closed","ping_status":"closed","template":"","meta":{"footnotes":""},"class_list":["post-223","page","type-page","status-publish","hentry"],"_links":{"self":[{"href":"https:\/\/kalkantenstube.de\/index.php?rest_route=\/wp\/v2\/pages\/223","targetHints":{"allow":["GET"]}}],"collection":[{"href":"https:\/\/kalkantenstube.de\/index.php?rest_route=\/wp\/v2\/pages"}],"about":[{"href":"https:\/\/kalkantenstube.de\/index.php?rest_route=\/wp\/v2\/types\/page"}],"author":[{"embeddable":true,"href":"https:\/\/kalkantenstube.de\/index.php?rest_route=\/wp\/v2\/users\/1"}],"replies":[{"embeddable":true,"href":"https:\/\/kalkantenstube.de\/index.php?rest_route=%2Fwp%2Fv2%2Fcomments&post=223"}],"version-history":[{"count":7,"href":"https:\/\/kalkantenstube.de\/index.php?rest_route=\/wp\/v2\/pages\/223\/revisions"}],"predecessor-version":[{"id":412,"href":"https:\/\/kalkantenstube.de\/index.php?rest_route=\/wp\/v2\/pages\/223\/revisions\/412"}],"wp:attachment":[{"href":"https:\/\/kalkantenstube.de\/index.php?rest_route=%2Fwp%2Fv2%2Fmedia&parent=223"}],"curies":[{"name":"wp","href":"https:\/\/api.w.org\/{rel}","templated":true}]}}